ase 3
12221222002
What is -90a938 (base 15) in base 16?
-68d4bb
10110011011000011 (base 2) to base 7
531523
What is -81e4d8 (base 16) in base 14?
-11b8440
What is ac389 (base 14) in base 15?
83bd2
Convert -5775503 (base 8) to base 7.
-16234034
-4ab63 (base 12) to base 7
-603015
-1044206 (base 7) to base 2
-11111011011011001
Convert -1021054243 (base 6) to base 14.
-15c4547
5160203 (base 7) to base 4
2113100213
Convert 4415405 (base 6) to base 4.
311301131
144141214 (base 5) to base 9
1405178
Convert -5686a (base 11) to base 9.
-134722
6056920 (base 11) to base 8
50671164
Convert 5673b (base 13) to base 2.
100110011000100100
What is -1e5082 (base 16) in base 14?
-39a026
Convert 331023312 (base 4) to base 13.
8a0c0
-3272281 (base 9) to base 4
-12231230221
-a31744 (base 11) to base 12
-67a86b
-1db0cb (base 14) to base 10
-1067595
Convert -104144334 (base 7) to base 12.
-2120760
Convert 3b916 (base 12) to base 5.
10120110
Convert 111012122221 (base 3) to base 9.
435587
What is -226a74 (base 11) in base 15?
-71ce1
Convert 18503 (base 11) to base 16.
6529
What is 2e7f8 (base 16) in base 15?
3b671
Convert -1001420112 (base 5) to base 12.
-7b7370
-56b34 (base 15) to base 11
-179318
Convert 321721 (base 14) to base 10.
1694449
Convert -1114034 (base 8) to base 9.
-508007
-41021402 (base 5) to base 13
-b7040
What is -84072 (base 12) in base 13?
-608cc
-1553351 (base 6) to base 8
-265203
1112102110001 (base 3) to base 7
6634051
55862 (base 9) to base 12
19602
What is -20aa840 (base 11) in base 3?
-20222011201210
What is 102121010001 (base 3) in base 10?
228259
Convert -174553 (base 9) to base 5.
-11431340
-397410 (base 11) to base 2
-10011000100001011110
-543840 (base 9) to base 10
-324360
Convert -1001011001000100110 (base 2) to base 7.
-2421142
Convert -35155 (base 11) to base 12.
-2545b
What is -1001010011011111101100 (base 2) in base 11?
-1416628
Convert 1224451 (base 7) to base 13.
569c5
1101111110220 (base 3) to base 5
142104341
Convert -255253 (base 7) to base 16.
-b96e
Convert 2add6 (base 15) to base 6.
2543250
Convert -3326279 (base 10) to base 8.
-14540507
What is 120201011 (base 3) in base 14?
4260
What is 224384 (base 10) in base 5?
24140014
2201030 (base 7) to base 16
41bdc
Convert 210210222021 (base 3) to base 11.
273649
Convert 339586 (base 13) to base 10.
1220290
-14101024 (base 5) to base 15
-2c979
1ba0 (base 15) to base 3
22020020
Convert 51a351 (base 11) to base 4.
3023201121
What is -55661 (base 12) in base 7?
-651124
4473310 (base 8) to base 2
100100111011011001000
6220553 (base 7) to base 12
2baa95
Convert -10000011100011000011011 (base 2) to base 4.
-100130120123
179786 (base 12) to base 7
3330135
1b5b40 (base 13) to base 12
298188
Convert 9533fe (base 16) to base 4.
211103033332
374834 (base 9) to base 4
313111231
What is 304304232 (base 5) in base 10?
1244317
What is 6d3184 (base 14) in base 4?
32033311300
42162 (base 9) to base 15
83ae
Convert 10022023 (base 6) to base 10.
282975
Convert -a0eb (base 16) to base 12.
-1ba0b
What is -212311210 (base 5) in base 15?
-12bd8a
What is -543061 (base 7) in base 14?
-26731
Convert -24423435 (base 7) to base 2.
-1000010110111001110011
Convert -133012401 (base 5) to base 8.
-2442123
What is 1076b0 (base 14) in base 16?
8851a
Convert ae4792 (base 15) to base 5.
4112131322
-24004004 (base 5) to base 15
-44e6e
Convert 2233207 (base 8) to base 6.
20535143
-10444253 (base 7) to base 4
-3130023323
-70317313 (base 8) to base 13
-30a927c
44d59 (base 16) to base 13
9b441
Convert 3206187 (base 9) to base 2.
110100011001011011011
Convert -3969 (base 13) to base 5.
-230244
-111101110110010 (base 2) to base 9
-47384
-11c66 (base 15) to base 12
-28a50
Convert 164071 (base 8) to base 16.
e839
What is 1325272 (base 9) in base 11?
456160
Convert 3102340 (base 5) to base 14.
144c1
40635 (base 7) to base 9
14546
What is 202213204 (base 5) in base 16?
c825c
Convert 2292227 (base 10) to base 13.
623462
What is 1b889e (base 16) in base 7?
21223530
What is -1255550 (base 6) in base 2?
-10001000101011010
What is 16a210b (base 14) in base 16?
aa145f
What is 2262193 (base 13) in base 6?
1014333341
Convert -2453514 (base 8) to base 2.
-10100101011101001100
-21020000012 (base 3) to base 4
-202231100
-52056 (base 9) to base 13
-12807
1221111322 (base 4) to base 14
b3362
1025044 (base 7) to base 14
33394
111001111101011001 (base 2) to base 6
5031025
Convert -5354415 (base 6) to base 15.
-533c2
What is 126192 (base 11) in base 2?
110000011110001101
Convert -1453035 (base 6) to base 5.
-10204121
Convert 514551 (base 9) to base 11.
199310
-1345331 (base 8) to base 9
-637647
-3d7518 (base 14) to base 15
-2c2060
1303302 (base 8) to base 14
95dbc
-116162521 (base 7) to base 2
-11011111100101010111101
What is -323677 (base 8) in base 14?
-2b767
133092 (base 10) to base 15
2967c
13501344 (base 7) to base 13
351ca8
What is -98fa6 (base 16) in base 13?
-18c28b
What is 10310b (base 12) in base 7?
2106011
3000024 (base 6) to base 3
21010000121
Convert -3133b1 (base 12) to base 9.
-1407287
What is -2624124 (base 7) in base 14?
-8cabb
What is 7913ac (base 14) in base 8?
17543114
What is 13131232121 (base 4) in base 9?
3612148
Convert 164597 (base 10) to base 8.
501365
What is 7246700 (base 9) in base 6?
214533430
-201120121110110 (base 3) to base 4
-213230030100
-17342 (base 15) to base 2
-10010010011101011
3005140 (base 6) to base 15
2bc23
What is 52323651 (base 8) in base 14?
1695d0d
-1834b0 (base 15) to base 10
-1175565
What is 52b3a (base 15) in base 9?
438851
What is -bb855 (base 14) in base 2?
-1101110111100000011
What is 10220112122022 (base 3) in base 14?
3c10cc
-124365 (base 13) to base 4
-1222320201
Convert -754763 (base 11) to base 5.
-302104202
What is -252423244 (base 6) in base 9?
-10167221
-1540350 (base 10) to base 9
-2806860
What is -571a85 (base 12) in base 9?
-2552232
Convert 1329337 (base 10) to base 14.
268649
Convert -1110010110111100010 (base 2) to base 7.
-3666500
What is 1172337 (base 9) in base 12?
269374
1b84a91 (base 12) to base 13
12b6449
4628029 (base 12) to base 8
63360041
10312211211 (base 4) to base 8
4664545
-103033130013 (base 4) to base 7
-60605316
31201111 (base 6) to base 14
196b63
-1672067 (base 8) to base 7
-4103131
What is -3508aa (base 16) in base 12?
-11b7436
Convert -1210200022211 (base 3) to base 14.
-1ad26c
What is -2e8d2 (base 16) in base 7?
-1422621
What is 1243200 (base 7) in base 12?
798b6
-30520 (base 12) to base 4
-33113220
What is 18a379 (base 11) in base 16?
47462
12766 (base 15) to base 13
20b50
2756a26 (base 12) to base 15
a49be0
-a945a (base 11) to base 7
-1231243
What is -23131321022 (base 4) in base 7?
-34356632
Convert 101011000101100000110001 (base 2) to base 3.
210020211111210
What is 6b7557 (base 12) in base 14?
331cb1
-34a78 (base 14) to base 12
-622aa
What is 38870 (base 9) in base 7?
136314
120012102022210 (base 3) to base 16
7b43ce
Convert 269b2a (base 14) to base 13.
3789a1
Convert 3332110 (base 5) to base 7.
332164
Convert -234324243 (base 5) to base 12.
-44648b
-374600 (base 12) to base 5
-212240144
Convert 220304405 (base 6) to base 15.
52d665
Convert -5124504 (base 6) to base 16.
-3bbd8
-31002130203 (base 4) to base 10
-3417891
What is 200301330 (base 6) in base 15?
46c51c
What is -1945529 (base 14) in base 3?
-212121000101110
Convert 3033084 (base 11) to base 5.
2333101231
43b87e (base 15) to base 10
3228419
What is -413140411 (base 5) in base 6?
-100143011
Convert 4552405 (base 8) to base 13.
3429b0
1020211120021 (base 3) to base 15
d24e4
Convert -1100210012 (base 3) to base 14.
-9ab6
Convert 4c7933 (base 13) to base 12.
74b752
530493 (base 11) to base 2
11001111011101100100
What is 53d4 (base 15) in base 11?
12376
2a0ba (base 13) to base 9
130630
-1849c (base 13) to base 11
-322a5
What is -1100000010110101111 (base 2) in base 9?
-661343
Convert -1c984 (base 15) to base 13.
-335bc
-618715 (base 13) to base 9
-4246754
Convert 21551131 (base 6) to base 14.
12d94b
-105802 (base 13) to base 12
-166014
What is -223205143 (base 6) in base 7?
-46433463
What is 156071 (base 13) in base 16?
80c0c
What is 4143324 (base 6) in base 15?
3e571
Convert 18732 (base 13) to base 3.
2101222010
What is -11100100110101110 (base 2) in base 12?
-5797a
What is 77736a (base 12) in 